{"id":406,"date":"2018-01-29T20:33:00","date_gmt":"2018-01-29T19:33:00","guid":{"rendered":"http:\/\/www.eduart.put.poznan.pl\/?page_id=406"},"modified":"2018-01-31T15:01:58","modified_gmt":"2018-01-31T14:01:58","slug":"studio-i-ciemnia","status":"publish","type":"page","link":"http:\/\/www.eduart.put.poznan.pl\/?page_id=406","title":{"rendered":"Studio i ciemnia"},"content":{"rendered":"<p>Miejscem naszej pracy i cotygodniowych spotka\u0144 jest pracownia fotografii na Wydziale Architektury Politechniki Pozna\u0144skiej. Dysponujemy profesjonalnie wyposa\u017con\u0105 pracowni\u0105, kt\u00f3ra, zale\u017cnie od potrzeb, mo\u017ce pe\u0142ni\u0107 rol\u0119 studia b\u0105d\u017a ciemni.<\/p>\n<p>Posiadamy kilka profesjonalnych zestaw\u00f3w o\u015bwietlenia studyjnego oraz t\u0142a, a tak\u017ce wszystkie inne akcesoria niezb\u0119dne do pracy nad zdj\u0119ciami. Na wyposa\u017ceniu pracowni znajduj\u0105 si\u0119 tak\u017ce dwa aparaty cyfrowe, dzi\u0119ki czemu aby uczestniczy\u0107 w zaj\u0119ciach nie jest wymagane posiadanie w\u0142asnego sprz\u0119tu.<\/p>\n<p><a href=\"http:\/\/www.eduart.put.poznan.pl\/wp-content\/uploads\/2018\/01\/IMGP5445.jpg\"><img loading=\"lazy\" decoding=\"async\" class=\"size-full wp-image-551 aligncenter\" src=\"http:\/\/www.eduart.put.poznan.pl\/wp-content\/uploads\/2018\/01\/IMGP5445.jpg\" alt=\"\" width=\"4928\" height=\"3264\" srcset=\"http:\/\/www.eduart.put.poznan.pl\/wp-content\/uploads\/2018\/01\/IMGP5445.jpg 4928w, http:\/\/www.eduart.put.poznan.pl\/wp-content\/uploads\/2018\/01\/IMGP5445-300x199.jpg 300w, http:\/\/www.eduart.put.poznan.pl\/wp-content\/uploads\/2018\/01\/IMGP5445-768x509.jpg 768w, http:\/\/www.eduart.put.poznan.pl\/wp-content\/uploads\/2018\/01\/IMGP5445-1024x678.jpg 1024w\" sizes=\"auto, (max-width: 706px) 89vw, (max-width: 767px) 82vw, 740px\" \/><\/a><\/p>\n<p>W pe\u0142ni wyposa\u017cona ciemnia pozwala nam na wywo\u0142ywanie klisz oraz odbitek czarno-bia\u0142ych: dysponujemy koreksami, dwoma powi\u0119kszalnikami, a tak\u017ce ca\u0142\u0105 niezb\u0119dn\u0105 chemi\u0105 oraz papierem \u015bwiat\u0142oczu\u0142ym. Aktualnie pracujemy tak\u017ce nad stworzeniem mo\u017cliwo\u015bci wywo\u0142ywania zar\u00f3wno negatyw\u00f3w jak i slajd\u00f3w kolorowych (wi\u0119cej informacji w zak\u0142adce &#8222;Projekty&#8221;).<\/p>\n<p><a href=\"http:\/\/www.eduart.put.poznan.pl\/wp-content\/uploads\/2018\/01\/IMGP5450.jpg\"><img loading=\"lazy\" decoding=\"async\" class=\"size-full wp-image-552 aligncenter\" src=\"http:\/\/www.eduart.put.poznan.pl\/wp-content\/uploads\/2018\/01\/IMGP5450.jpg\" alt=\"\" width=\"4656\" height=\"3084\" srcset=\"http:\/\/www.eduart.put.poznan.pl\/wp-content\/uploads\/2018\/01\/IMGP5450.jpg 4656w, http:\/\/www.eduart.put.poznan.pl\/wp-content\/uploads\/2018\/01\/IMGP5450-300x199.jpg 300w, http:\/\/www.eduart.put.poznan.pl\/wp-content\/uploads\/2018\/01\/IMGP5450-768x509.jpg 768w, http:\/\/www.eduart.put.poznan.pl\/wp-content\/uploads\/2018\/01\/IMGP5450-1024x678.jpg 1024w\" sizes=\"auto, (max-width: 706px) 89vw, (max-width: 767px) 82vw, 740px\" \/><\/a><\/p>\n","protected":false},"excerpt":{"rendered":"<p>Miejscem naszej pracy i cotygodniowych spotka\u0144 jest pracownia fotografii na Wydziale Architektury Politechniki Pozna\u0144skiej. Dysponujemy profesjonalnie wyposa\u017con\u0105 pracowni\u0105, kt\u00f3ra, zale\u017cnie od potrzeb, mo\u017ce pe\u0142ni\u0107 rol\u0119 studia b\u0105d\u017a ciemni. Posiadamy kilka profesjonalnych zestaw\u00f3w o\u015bwietlenia studyjnego oraz t\u0142a, a tak\u017ce wszystkie inne akcesoria niezb\u0119dne do pracy nad zdj\u0119ciami. Na wyposa\u017ceniu pracowni znajduj\u0105 si\u0119 tak\u017ce dwa aparaty cyfrowe, &hellip; <\/p>\n<p class=\"link-more\"><a href=\"http:\/\/www.eduart.put.poznan.pl\/?page_id=406\" class=\"more-link\">Czytaj dalej<span class=\"screen-reader-text\"> Studio i ciemnia<\/span><\/a><\/p>\n","protected":false},"author":4,"featured_media":0,"parent":0,"menu_order":0,"comment_status":"closed","ping_status":"closed","template":"","meta":{"footnotes":""},"class_list":["post-406","page","type-page","status-publish","hentry"],"_links":{"self":[{"href":"http:\/\/www.eduart.put.poznan.pl\/index.php?rest_route=\/wp\/v2\/pages\/406","targetHints":{"allow":["GET"]}}],"collection":[{"href":"http:\/\/www.eduart.put.poznan.pl\/index.php?rest_route=\/wp\/v2\/pages"}],"about":[{"href":"http:\/\/www.eduart.put.poznan.pl\/index.php?rest_route=\/wp\/v2\/types\/page"}],"author":[{"embeddable":true,"href":"http:\/\/www.eduart.put.poznan.pl\/index.php?rest_route=\/wp\/v2\/users\/4"}],"replies":[{"embeddable":true,"href":"http:\/\/www.eduart.put.poznan.pl\/index.php?rest_route=%2Fwp%2Fv2%2Fcomments&post=406"}],"version-history":[{"count":6,"href":"http:\/\/www.eduart.put.poznan.pl\/index.php?rest_route=\/wp\/v2\/pages\/406\/revisions"}],"predecessor-version":[{"id":553,"href":"http:\/\/www.eduart.put.poznan.pl\/index.php?rest_route=\/wp\/v2\/pages\/406\/revisions\/553"}],"wp:attachment":[{"href":"http:\/\/www.eduart.put.poznan.pl\/index.php?rest_route=%2Fwp%2Fv2%2Fmedia&parent=406"}],"curies":[{"name":"wp","href":"https:\/\/api.w.org\/{rel}","templated":true}]}}